{"id":139,"date":"2022-03-27T12:31:24","date_gmt":"2022-03-27T10:31:24","guid":{"rendered":"https:\/\/www.refy.cz\/?page_id=139"},"modified":"2022-03-27T12:46:10","modified_gmt":"2022-03-27T10:46:10","slug":"nordic-walking-2","status":"publish","type":"page","link":"https:\/\/www.refy.cz\/?page_id=139","title":{"rendered":"Nordic Walking"},"content":{"rendered":"<h3 dir=\"ltr\"><em>Slu\u017eby, kter\u00e9 nab\u00edz\u00edm v oblasti Nordic Walking<\/em><\/h3>\n<p dir=\"ltr\">V\u0161echny slu\u017eby, lekce a akce realizuji v Hav\u00ed\u0159ov\u011b a jeho okol\u00ed, v Krnov\u011b a jeho okol\u00ed, v Olomouci a jeho okol\u00ed, v r\u016fzn\u00fdch \u010d\u00e1stech Beskyd a Jesen\u00edk\u016f a tak\u00e9 v jin\u00fdch \u010d\u00e1stech, m\u011bstech i vesnic\u00edch na\u0161\u00ed zem\u011b.<\/p>\n<p dir=\"ltr\">V\u0161emi kurzy v\u00e1s budu prov\u00e1zet j\u00e1 &#8211;\u00a0 instruktorka Nordic Walkingu s nejvy\u0161\u0161\u00ed kvalifikac\u00ed, kterou lze v \u010cR z\u00edskat, pohybov\u00e1 specialistka, fyzioterapeutka s dvacetiletou prax\u00ed, instruktorka Nordic Runningu, lektorka Pilates, Body weight\u2026..<\/p>\n<ul>\n<li dir=\"ltr\">Nab\u00edz\u00edm individu\u00e1ln\u00ed i skupinov\u00e9 lekce Nordic Walking<\/li>\n<li dir=\"ltr\">D\u00e1rkov\u00e9 poukazy na soukrom\u00e9 lekce Nordic Walking<\/li>\n<li dir=\"ltr\">TEAMbuilding pro firmy<\/li>\n<li dir=\"ltr\">Pravideln\u00e9 Lekce Nordic Walking<\/li>\n<li dir=\"ltr\">Intenzivn\u00ed v\u00edkendov\u00e9 kurzy s Nordic Walking<\/li>\n<li dir=\"ltr\">Z\u00e1kladn\u00ed 4 hodinov\u00fd kurz Nordic Walking<\/li>\n<li dir=\"ltr\">Kurz zdrav\u00e1 z\u00e1da s Nordic Walking<\/li>\n<li dir=\"ltr\">V\u00fd\u0161lapy<\/li>\n<li dir=\"ltr\">V\u00fdlety<\/li>\n<li dir=\"ltr\">Aktivn\u00ed pobytov\u00e9 v\u00edkendy s Nordic Walking<\/li>\n<\/ul>\n","protected":false},"excerpt":{"rendered":"<p>Slu\u017eby, kter\u00e9 nab\u00edz\u00edm v oblasti Nordic Walking V\u0161echny slu\u017eby, lekce a akce realizuji v Hav\u00ed\u0159ov\u011b a jeho okol\u00ed, v Krnov\u011b a jeho okol\u00ed, v Olomouci a jeho okol\u00ed, v r\u016fzn\u00fdch \u010d\u00e1stech Beskyd a Jesen\u00edk\u016f a tak\u00e9 v jin\u00fdch \u010d\u00e1stech, m\u011bstech i vesnic\u00edch na\u0161\u00ed zem\u011b. V\u0161emi kurzy v\u00e1s budu prov\u00e1zet j\u00e1 &#8211;\u00a0 instruktorka Nordic Walkingu s [&hellip;]<\/p>\n","protected":false},"author":2,"featured_media":0,"parent":0,"menu_order":0,"comment_status":"closed","ping_status":"closed","template":"","meta":{"footnotes":""},"class_list":["post-139","page","type-page","status-publish","hentry"],"_links":{"self":[{"href":"https:\/\/www.refy.cz\/index.php?rest_route=\/wp\/v2\/pages\/139","targetHints":{"allow":["GET"]}}],"collection":[{"href":"https:\/\/www.refy.cz\/index.php?rest_route=\/wp\/v2\/pages"}],"about":[{"href":"https:\/\/www.refy.cz\/index.php?rest_route=\/wp\/v2\/types\/page"}],"author":[{"embeddable":true,"href":"https:\/\/www.refy.cz\/index.php?rest_route=\/wp\/v2\/users\/2"}],"replies":[{"embeddable":true,"href":"https:\/\/www.refy.cz\/index.php?rest_route=%2Fwp%2Fv2%2Fcomments&post=139"}],"version-history":[{"count":2,"href":"https:\/\/www.refy.cz\/index.php?rest_route=\/wp\/v2\/pages\/139\/revisions"}],"predecessor-version":[{"id":153,"href":"https:\/\/www.refy.cz\/index.php?rest_route=\/wp\/v2\/pages\/139\/revisions\/153"}],"wp:attachment":[{"href":"https:\/\/www.refy.cz\/index.php?rest_route=%2Fwp%2Fv2%2Fmedia&parent=139"}],"curies":[{"name":"wp","href":"https:\/\/api.w.org\/{rel}","templated":true}]}}