{"id":142,"date":"2022-03-27T12:33:19","date_gmt":"2022-03-27T10:33:19","guid":{"rendered":"https:\/\/www.refy.cz\/?page_id=142"},"modified":"2022-03-27T12:43:42","modified_gmt":"2022-03-27T10:43:42","slug":"poradenstvi-v-oblasti-fyzioterapie-a-rehabilitace","status":"publish","type":"page","link":"https:\/\/www.refy.cz\/?page_id=142","title":{"rendered":"Poradenstv\u00ed v oblasti fyzioterapie a rehabilitace"},"content":{"rendered":"<p>\u00a0<\/p>\n<h3><em><strong>Pro\u010d se mnou?<\/strong><\/em><\/h3>\n<p>Jsem specialista ve sv\u00e9m oboru s mnohalet\u00fdmi zku\u0161enostmi a prax\u00ed. Po sv\u00fdch vlastn\u00edch \u00farazech v\u00edm, jak s t\u011blem efektivn\u011b pracovat. A co v\u00e1s nau\u010d\u00edm? Nau\u010d\u00edm v\u00e1s efektivn\u011b pracovat se sv\u00fdm t\u011blem tak, abyste se zbavili bolest\u00ed, u\u017e\u00edvali si pohyb bez bolest\u00ed a dok\u00e1zali si sami sob\u011b p\u0159i pot\u00ed\u017e\u00edch pohybov\u00e9ho apar\u00e1tu pomoci. Sv\u00e9 t\u011blo se nau\u010d\u00edte perfektn\u011b nastavit do v\u00fdchoz\u00edch pozic a zapojit ty spr\u00e1vn\u00e9 svalov\u00e9 skupiny, a\u0165 u\u017e chod\u00edte, b\u011bh\u00e1te, posilujete, cvi\u010d\u00edte nabo se jakkoliv dost\u00e1v\u00e1te do kondice.\u00a0<\/p>\n<h3><em><strong>Pro koho jsou m\u00e9 slu\u017eby ur\u010deny?<\/strong><\/em><\/h3>\n<p>Pro lidi r\u016fzn\u00fdch v\u011bkov\u00fdch kategori\u00ed a r\u016fzn\u00fdch pot\u00ed\u017e\u00ed spojen\u00fdch s pohybov\u00fdm apar\u00e1tem. Pro d\u011bti p\u0159ed\u0161koln\u00edho v\u011bku, \u0161koln\u00edho v\u011bku, a\u017e po seniory. Pracuji s t\u011bhotn\u00fdmi \u017eenami, \u017eenami po porodu, se \u017eenami i mu\u017ei r\u016fzn\u00e9ho v\u011bku, r\u016fzn\u00e9 v\u00fdkonnosti, se sportovci (v\u00fdkonnostn\u00edmi, rekrea\u010dn\u00edmi i s t\u011bmi, kte\u0159\u00ed cht\u011bj\u00ed s n\u011bjak\u00fdm sportem za\u010d\u00edt).\u00a0<\/p>\n<p>Pro lidi, kte\u0159\u00ed jsou pln\u011b \u010di z velk\u00e9 \u010d\u00e1sti z\u00e1visl\u00ed na sv\u00e9m okol\u00ed (po \u00farazech, operac\u00edch, c\u00e9vn\u00edch mozkov\u00fdch p\u0159\u00edhod\u00e1ch,&#8230;).<\/p>\n<p>Pro firmy, v podob\u011b teambuilding\u016f, program\u016f pro zdrav\u00e1 z\u00e1da, apod.<\/p>\n<h3><em><strong>Nab\u00eddka slu\u017eeb<\/strong><\/em><\/h3>\n<ul>\n<li>Kineziologick\u00fd rozbor &#8211; precizn\u00ed vstupn\u00ed diagnostika, pro zji\u0161t\u011bn\u00ed p\u0159\u00ed\u010din va\u0161ich obt\u00ed\u017e\u00ed.<\/li>\n<li>O\u0161et\u0159en\u00ed m\u011bkk\u00fdch tk\u00e1n\u00ed.<\/li>\n<li>Cvi\u010den\u00ed a tr\u00e9nink p\u00e1nevn\u00edho dna.<\/li>\n<li>Aktivn\u00ed cvi\u010den\u00ed, p\u0159i kter\u00fdch vyu\u017e\u00edv\u00e1m sv\u00fdch znalost\u00ed a zku\u0161enost\u00ed ze \u0161irok\u00e9 palety modern\u00edch neurofyziologick\u00fdch technik, metod a koncept\u016f.\u00a0<\/li>\n<li>Efektivn\u00ed n\u00e1cvik autoterapie, korekce pohybov\u00fdch stereotyp\u016f.\u00a0<\/li>\n<li>Dechov\u00e1 rehabilita\u010dn\u00ed cvi\u010den\u00ed.<\/li>\n<li>Po\u00farazov\u00e1 a poopera\u010dn\u00ed rehabilitace.<\/li>\n<li>Konzultace a poradenstv\u00ed v oblasti sportovn\u00ed fyzioterapie.\u00a0<\/li>\n<li>Poradenstv\u00ed v oblasti ergonomie pracovn\u00edho prost\u0159ed\u00ed.\u00a0<\/li>\n<li>Kineziotaping (aplikace pru\u017en\u00e9 p\u00e1sky).<\/li>\n<li>Pilates.<\/li>\n<li>Cvi\u010debn\u00ed programy pro zdrav\u00e1 z\u00e1da.\u00a0<\/li>\n<li>Nab\u00edz\u00edm mo\u017enost Home-care, tedy cvi\u010den\u00ed i lekce p\u0159\u00edmo u v\u00e1s doma.\u00a0<\/li>\n<li>Cvi\u010den\u00ed a konzultace v on-line prost\u0159ed\u00ed.\u00a0<\/li>\n<li>Mas\u00e1\u017ee.<\/li>\n<li>A dal\u0161\u00ed&#8230;<\/li>\n<\/ul>\n\n\n<p><\/p>\n","protected":false},"excerpt":{"rendered":"<p>\u00a0 Pro\u010d se mnou? Jsem specialista ve sv\u00e9m oboru s mnohalet\u00fdmi zku\u0161enostmi a prax\u00ed. Po sv\u00fdch vlastn\u00edch \u00farazech v\u00edm, jak s t\u011blem efektivn\u011b pracovat. A co v\u00e1s nau\u010d\u00edm? Nau\u010d\u00edm v\u00e1s efektivn\u011b pracovat se sv\u00fdm t\u011blem tak, abyste se zbavili bolest\u00ed, u\u017e\u00edvali si pohyb bez bolest\u00ed a dok\u00e1zali si sami sob\u011b p\u0159i pot\u00ed\u017e\u00edch pohybov\u00e9ho apar\u00e1tu pomoci. [&hellip;]<\/p>\n","protected":false},"author":1,"featured_media":0,"parent":0,"menu_order":0,"comment_status":"closed","ping_status":"closed","template":"","meta":{"footnotes":""},"class_list":["post-142","page","type-page","status-publish","hentry"],"_links":{"self":[{"href":"https:\/\/www.refy.cz\/index.php?rest_route=\/wp\/v2\/pages\/142","targetHints":{"allow":["GET"]}}],"collection":[{"href":"https:\/\/www.refy.cz\/index.php?rest_route=\/wp\/v2\/pages"}],"about":[{"href":"https:\/\/www.refy.cz\/index.php?rest_route=\/wp\/v2\/types\/page"}],"author":[{"embeddable":true,"href":"https:\/\/www.refy.cz\/index.php?rest_route=\/wp\/v2\/users\/1"}],"replies":[{"embeddable":true,"href":"https:\/\/www.refy.cz\/index.php?rest_route=%2Fwp%2Fv2%2Fcomments&post=142"}],"version-history":[{"count":2,"href":"https:\/\/www.refy.cz\/index.php?rest_route=\/wp\/v2\/pages\/142\/revisions"}],"predecessor-version":[{"id":151,"href":"https:\/\/www.refy.cz\/index.php?rest_route=\/wp\/v2\/pages\/142\/revisions\/151"}],"wp:attachment":[{"href":"https:\/\/www.refy.cz\/index.php?rest_route=%2Fwp%2Fv2%2Fmedia&parent=142"}],"curies":[{"name":"wp","href":"https:\/\/api.w.org\/{rel}","templated":true}]}}

Poradenství v oblasti fyzioterapie a rehabilitace

<p> </p>
<h3><em><strong>Proč se mnou?</strong></em></h3>
<p>Jsem specialista ve svém oboru s mnohaletými zkušenostmi a praxí. Po svých vlastních úrazech vím, jak s tělem efektivně pracovat. A co vás naučím? Naučím vás efektivně pracovat se svým tělem tak, abyste se zbavili bolestí, užívali si pohyb bez bolestí a dokázali si sami sobě při potížích pohybového aparátu pomoci. Své tělo se naučíte perfektně nastavit do výchozích pozic a zapojit ty správné svalové skupiny, ať už chodíte, běháte, posilujete, cvičíte nabo se jakkoliv dostáváte do kondice. </p>
<h3><em><strong>Pro koho jsou mé služby určeny?</strong></em></h3>
<p>Pro lidi různých věkových kategorií a různých potíží spojených s pohybovým aparátem. Pro děti předškolního věku, školního věku, až po seniory. Pracuji s těhotnými ženami, ženami po porodu, se ženami i muži různého věku, různé výkonnosti, se sportovci (výkonnostními, rekreačními i s těmi, kteří chtějí s nějakým sportem začít). </p>
<p>Pro lidi, kteří jsou plně či z velké části závislí na svém okolí (po úrazech, operacích, cévních mozkových příhodách,&#8230;).</p>
<p>Pro firmy, v podobě teambuildingů, programů pro zdravá záda, apod.</p>
<h3><em><strong>Nabídka služeb</strong></em></h3>
<ul>
<li>Kineziologický rozbor &#8211; precizní vstupní diagnostika, pro zjištění příčin vašich obtíží.</li>
<li>Ošetření měkkých tkání.</li>
<li>Cvičení a trénink pánevního dna.</li>
<li>Aktivní cvičení, při kterých využívám svých znalostí a zkušeností ze široké palety moderních neurofyziologických technik, metod a konceptů. </li>
<li>Efektivní nácvik autoterapie, korekce pohybových stereotypů. </li>
<li>Dechová rehabilitační cvičení.</li>
<li>Poúrazová a pooperační rehabilitace.</li>
<li>Konzultace a poradenství v oblasti sportovní fyzioterapie. </li>
<li>Poradenství v oblasti ergonomie pracovního prostředí. </li>
<li>Kineziotaping (aplikace pružné pásky).</li>
<li>Pilates.</li>
<li>Cvičební programy pro zdravá záda. </li>
<li>Nabízím možnost Home-care, tedy cvičení i lekce přímo u vás doma. </li>
<li>Cvičení a konzultace v on-line prostředí. </li>
<li>Masáže.</li>
<li>A další&#8230;</li>
</ul>


<p></p>

<p>  Proč se mnou? Jsem specialista ve svém oboru s mnohaletými zkušenostmi a praxí. Po svých vlastních úrazech vím, jak s tělem efektivně pracovat. A co vás naučím? Naučím vás efektivně pracovat se svým tělem tak, abyste se zbavili bolestí, užívali si pohyb bez bolestí a dokázali si sami sobě při potížích pohybového aparátu pomoci. [&hellip;]</p>
